 digit of n?
9
Let z(g) = g**3 - 21*g**2 + 19*g + 22. Let x = 81 + -61. Let a be z(x). Suppose a*l - 370 - 64 = 0. What is the tens digit of l?
1
Let u(l) = -l**3 - 8*l**2 - 14*l + 18. Let v(s) = -2*s**2 - 1. Let t(w) = u(w) + v(w). What is the tens digit of t(-14)?
9
Let o(i) = -i**2 + 24*i + 3. Let p be ((-208)/5)/(10/(-50)). Suppose 0 = 8*z + 8*z - p. What is the units digit of o(z)?
6
Suppose j - 12782 = -2*g + 2761, -23321 = -3*g + 5*j. What is the hundreds digit of g?
7
Suppose l = -2*l + 21. Suppose l*n - 234 - 599 = 0. Suppose 150 = 3*q + 2*q + 4*w, 4*q = -3*w + n. What is the units digit of q?
6
Let h be 10*(-6)/(84/3661). Let x = h - -3895. What is the tens digit of x?
8
Let y(a) = 35*a**2 + 106*a + 72. What is the hundreds digit of y(10)?
6
What is the thousands digit of (-1)/6 - (-18 + 340690/(-60))?
5
Let p(r) = 2*r**2 - 52*r + 45. Suppose u - 15 = -3*c + 11, 52 = 2*u - c. What is the tens digit of p(u)?
4
Let g = 131 + -156. What is the tens digit of g/10*908/(-10)?
2
Let s(r) = -5*r**3 + r**2 - 2*r + 2. Let z(t) = 2 + 20*t**3 - 19*t**3 - 3. Let f(v) = -s(v) - 4*z(v). What is the tens digit of f(5)?
1
Let j = -4940 - -6147. What is the tens digit of j?
0
Let o(b) = 1291*b**3 + b**2 + 2*b - 2. Suppose -186*m - 10 = -196*m. What is the hundreds digit of o(m)?
2
Let b = 52 + -50. Suppose b*f + 6*f = -608. What is the units digit of (1/(-1))/(((-12)/f)/(-3))?
9
Suppose 0 = -160*k + 42*k + 2868934. What is the tens digit of k?
1
Let i(c) be the third derivative of 1/6*c**4 + 0 + 16*c**2 - 17/6*c**3 + 0*c. What is the units digit of i(10)?
3
Suppose 0 = 2*t - 0*t + 5*f - 14, -3*f + 21 = 3*t. Let h(l) = 2*l**3 + 2*l**2 - 8*l - 5. What is the hundreds digit of h(t)?
7
What is the hundreds digit of (-311)/(((-8)/3 - -3)/((-7)/21))?
3
Let a be (-12 - -2)*3/(-6). Suppose -a*i - 550 = m, 5*i - 2*m + 197 + 338 = 0. Let f = i + 194. What is the units digit of f?
5
Suppose -4*k = 3*u - 6*u + 47835, 4*k = 2*u - 31894. What is the ten thousands digit of u?
1
Let b(f) = -f**2 + 11*f + 14. Let c be b(12). Let w(l) = -82*l + 8. Let s be w(c). Let u = -47 - s. What is the hundreds digit of u?
1
Let k = 160 + -139. What is the tens digit of 488/6*63/k?
4
Let u(s) = s**3 - 20*s**2 + 24*s + 37. Let l be u(18). Let k = 173 - l. What is the hundreds digit of k?
3
Let s(b) = 2260*b + 1713. What is the thousands digit of s(5)?
3
What is the hundreds digit of 3160/(-14)*3626/(-148)?
5
Suppose -16*w + 13*w = 621. Let r = -47 - w. What is the hundreds digit of r?
1
Let j = -67 - -40. Let n = j + 30. Suppose 4*a + 3*k - 532 = 0, -2*a + n*k + 283 = 17. What is the hundreds digit of a?
1
Suppose 10*v - 5*v + 660 = -4*r, v + 165 = -r. Let w = r - -242. What is the tens digit of w?
7
Let i(o) = -164*o + 2776. What is the units digit of i(-66)?
0
Let q(h) = -572*h - 5691. What is the thousands digit of q(-56)?
6
Suppose -4*v + 204 = t, 734 = 3*t - v + 148. Let k = 343 - t. What is the hundreds digit of k?
1
Let g be (12/8)/(9/6). What is the tens digit of 1170/351*(1 + 162 - g)?
4
What is the thousands digit of 1/((-3)/(-10523)) + (-132)/(-99) - 4?
3
Suppose 5*w - 11 = 4. Suppose 0 = -3*l + w*f - 4*f + 66, 0 = 2*l + 3*f - 51. What is the tens digit of (-854)/(-6) + (-7)/l?
4
Let n(h) = 7*h**2 + 52*h - 257. What is the tens digit of n(41)?
4
Let k = 73 - 66. Let y(m) = m**3 - 7*m**2 - m + 10. Let p be y(k). What is the tens digit of -5*3/p - -149?
4
Let w be 66/(-33) - -2*2. Suppose w*t - 539 = -r, 4*r - 5*t = 2*r + 1123. What is the units digit of r?
9
Let u(v) = -1657*v - 805. What is the hundreds digit of u(-12)?
0
Suppose 69*w + 1654097 = -297*w + 6365615. What is the units digit of w?
3
Let x be (120/(-6))/4 - -3. What is the tens digit of 396 - 22 - (x - -1)*-3?
7
Suppose -2*v + 1452 = -4*v. Let j be (v/9)/((-2)/6). Suppose 8*r - j = 6*r. What is the tens digit of r?
2
Let p(f) = f**3 - 2*f**2 - 4*f + 1. Let b be p(4). Suppose -5*w - 48 = -2*h, -5*w - 37 + b = 0. What is the units digit of h?
4
Let v(f) = 74*f - 83. Let s be v(20). Let w = s - 972. What is the hundreds digit of w?
4
Let a(s) = -s**2 + 11*s - 23. Let d be a(6). Suppose 0 = 6*l - d*l - 3, -3*x - 3*l = -96. What is the tens digit of x?
3
Let j(x) = -x**3 + 14*x**2 + 32*x + 5. Let a be j(16). Suppose 2*b = a*o + 2297, -b + 4*o + 594 = -559. What is the thousands digit of b?
1
Let d(s) = 2*s - 2. Let i(m) = -29*m**2 + 17*m - 43. Let t(k) = 5*d(k) - i(k). What is the hundreds digit of t(7)?
4
Let q = -1377 + 33767. What is the tens digit of q?
9
Suppose -5*a = 4*p - 13, 5*a - 19 = -p - p. Let m(i) = 10*i**2 + i - 14. What is the units digit of m(p)?
3
Let i = 112 - 109. Suppose 4 = 4*f - i*f. Suppose -f*z - 1476 = -10*z. What is the tens digit of z?
4
Let v be (-198)/(0 + 3)*(-3)/(-3). Let l = 64 + v. What is the units digit of ((-13)/13)/(l/258)?
9
Suppose 33507 - 4744 = 7*o. Suppose 5*h - o = 2*w - 5*w, -4*h = -4*w - 3300. What is the units digit of h?
3
Suppose -4*v - 157 = -121. Let a = v - -15. What is the tens digit of 104 - (a/(-2) + 1)?
0
What is the tens digit of (60/150)/(2/20670)?
3
Let a = 597 + -1163. Let u = a - -1208. What is the tens digit of u?
4
Suppose -236 = -5*w - 2*m + 111, w = m + 75. Suppose -w*f - 16549 = -84*f. What is the thousands digit of f?
1
Let b = 86 - 18. What is the tens digit of (39 - 34) + b*6?
1
Let r be 17/5 + ((-286)/(-55))/(-13). Suppose r*f = 21*f - 12492. What is the tens digit of f?
9
Let h be (-1)/6 - (1575/(-54) + -6). What is the hundreds digit of 8652/h - 4/(-5)?
2
Let i = 6945 - 2764. What is the thousands digit of i?
4
Suppose 2*u = -3*z + 4803, 4*u - 11980 + 2385 = 5*z. Suppose 0 = 298*s - 304*s + u. What is the hundreds digit of s?
4
Let l = -292 + 294. Let v(t) = 128*t**3 - 8*t + 12. What is the tens digit of v(l)?
2
Let q = 56 + -40. Let v = q + 103. What is the units digit of v?
9
Let z = -432 - -438. What is the tens digit of (-10 + -2)*(-224)/z?
4
Suppose 1528*p - 1532*p + 5*r = -15224, -4*p + 15196 = 2*r. What is the thousands digit of p?
3
Let d(k) = -k**3 - 12*k**2 + k - 1. Let l be d(-10). Let i = l - -593. What is the hundreds digit of i?
3
Suppose 2*h - n = 37125, 3*h + 92826 = 8*h + 2*n. Suppose 17*p - h = -4*p. What is the tens digit of p?
8
Let y(o) = -5*o + 89. Let f be y(17). Suppose 0 = -15*n + f*n + 869. What is the tens digit of n?
7
Let a(v) be the third derivative of -v**6/120 - 4*v**5/15 + v**4/24 + 5*v**3/2 - 16*v**2. Let h be a(-16). What is the tens digit of (0 + h)*(-73 - 16)?
8
Let b(l) = 6*l - 160. Let u be b(27). Suppose 0 = -x - u*x + z + 2086, -x = -5*z - 672. What is the units digit of x?
7
Let y(c) = 2*c**2 + 8*c + 30. Let g be y(-7). Suppose 3*a - 3*z = 25 + 11, z - g = -5*a. What is the units digit of a?
4
Suppose 0 = -5*y - 9 + 24. Suppose -v - 1 + y = 0. What is the hundreds digit of (-2)/(v + 230/(-114))?
1
Suppose 362*t - 9954525 = 187*t. What is the tens digit of t?
8
Let s(d) = d**3 - 3*d**2 - d + 7. Let h be s(2). Suppose 281 - h = 2*u. Let a = u + -102. What is the tens digit of a?
3
Let p(r) = -12*r - 16. Let s(b) = -12*b - 17. Let q(y) = -4*p(y) + 3*s(y). Suppose 21 = 14*t - 161. What is the tens digit of q(t)?
6
Let o(n) be the third derivative of 5*n**4/8 + 32*n**3/3 - 2*n**2 - 15. What is the units digit of o(15)?
9
Suppose 7657701 - 646229 = -94*d + 302*d. What is the units digit of d?
9
Let d(z) = 3*z**2 + 2*z - 18. Suppose 3*i - 64 = 5*v, -4*v - 4*i = -0*v + 64. What is the tens digit of d(v)?
4
Let u(w) = 901*w**2 + 121*w + 219. What is the tens digit of u(7)?
1
Let p = 63 - 55. Suppose -p*s = -13*s - 1180. Let w = -125 - s. What is the hundreds digit of w?
1
Let r = 1550 + 0. What is the units digit of r?
0
Let h = 83 - -297. Suppose -h*m - 1720 = -385*m. What is the hundreds digit of m?
3
Let o(m) be the third derivative of 5*m**4/24 + m**3/2 - 27*m**2. Let b be o(0). Suppose 155 = b*d - 31. What is the tens digit of d?
6
Suppose 0 = -4*t, -3*m - 3*t + 0 - 6 = 0. Let b be -14*5/4*(m - 0). Suppose -104 = -39*z + b*z. What is the tens digit of z?
2
Suppose -29*s + 33103 = 10077. Let i = s + -686. What is the units digit of i?
8
Suppose 213477 = 45*l + 35772. Suppose 1117 + l = 5*s - 3*t, -s + t = -1012. What is the tens digit of s?
1
Let s be 0/(-6*(-2)/6). Suppose -4*u + 44 = v, 0*u + 5*u - 2